41.
47, 108803
List the prime factors of 4420745.
5, 7, 126307
What are the prime factors of 2192656?
2, 43, 3187
List the prime factors of 71745.
3, 5, 4783
List the prime factors of 6015856.
2, 7, 11, 19, 257
List the prime factors of 4281185.
5, 856237
What are the prime factors of 2777565?
3, 5, 7, 3779
What are the prime factors of 914045?
5, 11, 16619
List the prime factors of 4073349.
3, 7, 47, 4127
What are the prime factors of 1067677?
13, 82129
List the prime factors of 4863598.
2, 17, 53, 2699
What are the prime factors of 4120026?
2, 3, 686671
List the prime factors of 26717768.
2, 7, 11, 3943
List the prime factors of 3741290.
2, 5, 7, 19, 29, 97
List the prime factors of 16602741.
3, 1844749
What are the prime factors of 16525047?
3, 7, 11, 71537
List the prime factors of 3050190.
2, 3, 5, 11, 13, 79
List the prime factors of 706368.
2, 3, 13, 283
What are the prime factors of 257709?
3, 85903
What are the prime factors of 2625648?
2, 3, 19, 2879
List the prime factors of 5326743.
3, 773, 2297
List the prime factors of 12337432.
2, 1542179
What are the prime factors of 1608159?
3, 7, 76579
List the prime factors of 4030338.
2, 3, 13, 163, 317
List the prime factors of 63971.
17, 53, 71
List the prime factors of 20440.
2, 5, 7, 73
List the prime factors of 2062830.
2, 3, 5, 7, 11, 19, 47
What are the prime factors of 82772?
2, 20693
What are the prime factors of 7309198?
2, 13, 73, 3851
What are the prime factors of 3836634?
2, 3, 639439
List the prime factors of 13449082.
2, 73, 251, 367
What are the prime factors of 29104?
2, 17, 107
What are the prime factors of 1310101?
13, 179, 563
What are the prime factors of 82028?
2, 20507
List the prime factors of 5007539.
5007539
What are the prime factors of 2850370?
2, 5, 149, 1913
List the prime factors of 404596.
2, 101149
What are the prime factors of 1925406?
2, 3, 7, 37, 59
What are the prime factors of 613795?
5, 7, 13, 19, 71
List the prime factors of 3311686.
2, 7, 236549
What are the prime factors of 7528399?
17, 113, 3919
List the prime factors of 1111867.
1111867
What are the prime factors of 1612041?
3, 537347
List the prime factors of 25538872.
2, 937, 3407
List the prime factors of 1019451.
3, 339817
What are the prime factors of 76642?
2, 38321
List the prime factors of 734859.
3, 17, 1601
List the prime factors of 276158.
2, 138079
What are the prime factors of 298219?
83, 3593
What are the prime factors of 13084477?
7, 967, 1933
What are the prime factors of 310465?
5, 31, 2003
List the prime factors of 4436031.
3, 17, 86981
What are the prime factors of 1987613?
151, 13163
What are the prime factors of 5715105?
3, 5, 11, 19, 1823
List the prime factors of 9274048.
2, 7, 127, 163
What are the prime factors of 930724?
2, 232681
What are the prime factors of 11924635?
5, 167, 14281
List the prime factors of 657378.
2, 3, 59, 619
List the prime factors of 272284.
2, 68071
What are the prime factors of 296991?
3, 32999
What are the prime factors of 10239936?
2, 3, 7, 19, 401
What are the prime factors of 922012?
2, 7, 13, 17, 149
What are the prime factors of 687759?
3, 229253
What are the prime factors of 16086510?
2, 3, 5, 11, 16249
List the prime factors of 320432.
2, 7, 2861
What are the prime factors of 2303593?
2303593
What are the prime factors of 274151?
19, 47, 307
What are the prime factors of 3393?
3, 13, 29
What are the prime factors of 13947?
3, 4649
List the prime factors of 278717.
278717
List the prime factors of 5909520.
2, 3, 5, 24623
List the prime factors of 2282355.
3, 5, 67, 757
List the prime factors of 369845.
5, 7, 10567
List the prime factors of 261631.
261631
What are the prime factors of 1617475?
5, 23, 29, 97
List the prime factors of 359044.
2, 7, 12823
What are the prime factors of 630441?
3, 7, 10007
What are the prime factors of 479234?
2, 7, 34231
What are the prime factors of 345978?
2, 3, 43, 149
What are the prime factors of 9306318?
2, 3, 7, 43, 5153
What are the prime factors of 72433?
113, 641
What are the prime factors of 4191329?
4191329
What are the prime factors of 3732789?
3, 1244263
What are the prime factors of 948637?
379, 2503
What are the prime factors of 168392?
2, 7, 31, 97
What are the prime factors of 7240091?
7240091
List the prime factors of 1099096.
2, 137387
What are the prime factors of 2318465?
5, 463693
List the prime factors of 20871418.
2, 10435709
What are the prime factors of 13357?
19, 37
What are the prime factors of 5202939?
3, 7, 247759
List the prime factors of 906789.
3, 13, 23251
What are the prime factors of 836737?
11, 29, 43, 61
What are the prime factors of 6734779?
6734779
What are the prime factors of 44498?
2, 19, 1171
What are the prime factors of 4955274?
2, 3, 61, 4513
List the prime factors of 20700286.
2, 43, 240701
What are the prime factors of 374488?
2, 46811
What are the prime factors of 4432824?
2, 3, 11, 29, 193
What are the prime factors of 13481447?
7, 109, 17669
List the prime factors of 12314302.
2, 7, 11, 13, 6151
List the prime factors of 13277.
11, 17, 71
What are the prime factors of 18251519?
11, 13, 41, 283
List the prime factors of 363853.
7, 59, 881
List the prime factors of 235811.
235811
List the prime factors of 989025.
3, 5, 13187
What are the prime factors of 22592?
2, 353
List the prime factors of 10987127.
10987127
List the prime factors of 3264792.
2, 3, 136033
What are the prime factors of 1428064?
2, 11, 4057
What are the prime factors of 21205016?
2, 7, 378661
List the prime factors of 256441.
256441
What are the prime factors of 1887398?
2, 943699
What are the prime factors of 7836248?
2, 7, 41, 3413
What are the prime factors of 5119735?
5, 1023947
List the prime factors of 8141597.
8141597
What are the prime factors of 329116?
2, 82279
List the prime factors of 58133.
61, 953
List the prime factors of 7834267.
7, 101, 1583
What are the prime factors of 120049?
120049
What are the prime factors of 1029831?
3, 11, 2837
List the prime factors of 273426.
2, 3, 199, 229
List the prime factors of 12440637.
3, 11, 53, 2371
List the prime factors of 6931463.
7, 11, 90019
What are the prime factors of 4442194?
2, 2221097
List the prime factors of 21757389.
3, 7252463
What are the prime factors of 30471577?
1259, 24203
List the prime factors of 256564.
2, 7, 11, 17
List the prime factors of 103107.
3, 34369
List the prime factors of 17433943.
89, 195887
List the prime factors of 15112839.
3, 7, 719659
What are the prime factors of 315427?
7, 45061
List the prime factors of 570527.
570527
List the prime factors of 19908280.
2, 5, 7, 97, 733
What are the prime factors of 2296319?
367, 6257
What are the prime factors of 19340022?
2, 3, 13, 19073
List the prime factors of 68631.
3, 22877
List the prime factors of 256847.
419, 613
List the prime factors of 2100479.
103, 20393
List the prime factors of 561903.
3, 157, 1193
List the prime factors of 479565.
3, 5, 10657
What are the prime factors of 712969?
31, 109, 211
List the prime factors of 2237085.
3, 5, 73, 227
What are the prime factors of 14379389?
29, 109, 4549
List the prime factors of 945629.
945629
List the prime factors of 605911.
401, 1511
List the prime factors of 16099167.
3, 7, 151, 5077
What are the prime factors of 331516?
2, 67, 1237
What are the prime factors of 531407?
227, 2341
List the prime factors of 171562.
2, 85781
List the prime factors of 258115.
5, 11, 13, 19
List the prime factors of 2470805.
5, 61, 8101
List the prime factors of 192532.
2, 127, 379
What are the prime factors of 527395?
5, 11, 43, 223
List the prime factors of 178446.
2, 3, 29741
What are the prime factors of 4199833?
11, 17, 37, 607
List the prime factors of 147669.
3, 49223
What are the prime factors of 24920259?
3, 7, 13, 91283
What are the prime factors of 16642159?
53, 314003
What are the prime factors of 2768730?
2, 3, 5, 41, 2251
What are the prime factors of 126673?
19, 59, 113
What are the prime factors of 13492894?
2, 97, 157, 443
What are the prime factors of 413485?
5, 41, 2017
What are the prime factors of 31173?
3, 10391
List the prime factors of 14651284.
2, 197, 18593
List the prime factors of 15069989.
11, 37, 61, 607
List the prime factors of 43547.
7, 6221
What are the prime factors of 1669195?
5, 11, 3